 -16 + c. Suppose 4*v + 16 = -f - 0*v, 0 = -i*f + 2*v + 22. What is the units digit of f?
4
Let u(s) = -860*s - 30. What is the thousands digit of u(-2)?
1
Let i(p) be the third derivative of -1/3*p**3 - 1/12*p**4 + 0*p + 0 - 2*p**2. What is the units digit of i(-3)?
4
What is the hundreds digit of 389 - (63/(-36) + 2/(-8))?
3
Suppose -2*o + 3*u + 7 = 0, -2*u = -o - 0 + 3. Let p(f) = f**3 - 5 + 4*f + 3 - 3*f - 5*f**2 + f. What is the units digit of p(o)?
8
Suppose -18 = 3*c - 24. What is the tens digit of 2 - 500/c*-1?
5
Let o(y) = y**3 + 3*y**2 + 4*y + 2. Let q be o(-3). Let h = -12 - q. What is the tens digit of (3 - 0)/(h/(-10))?
1
Let i = -64 + 74. Suppose 80 = i*h - 6*h. What is the units digit of h?
0
Suppose 0*l = 3*l - 4*g - 1518, -2*l = -2*g - 1014. Suppose 0 = -84*d + 78*d + l. What is the units digit of d?
5
Suppose -26 = -4*d + 4*m - m, 16 = 3*d - 4*m. What is the tens digit of (-12)/d*(-432)/6?
0
Suppose -3*f - 3*p - 213 = -0*p, 0 = -4*p + 8. Let w = -49 - f. What is the tens digit of w?
2
Let v = -508 - -817. What is the hundreds digit of v?
3
Let c(h) = 4*h**2 - 8*h + 119. What is the units digit of c(-13)?
9
Let w be (-1)/7 + (-154)/(-49). Suppose 3*g = -w*h + 26 + 46, -2*h + 5*g = -76. What is the units digit of h?
8
Suppose 3*o = -0*o - 9. Let f be 24*o*(-4)/36. What is the units digit of (-872)/(-20) - f/(-20)?
4
Let a = 5626 + -3365. What is the units digit of a?
1
Suppose -125 = t - 6*t. Let y = -20 + t. Suppose y*j - 254 = 21. What is the tens digit of j?
5
Let x(o) = 20*o**2 + 2*o - 2. What is the units digit of x(7)?
2
Suppose -x + 1040 = 4*x. Suppose -2*y + 4*m + 4 + 100 = 0, 5*y + 3*m = x. What is the units digit of y?
4
Let p = 130 + -69. What is the tens digit of p?
6
Let l(n) = n + 1. Let w(q) = q**2 + 7*q - 5. Let o be w(-7). Let b be l(o). What is the units digit of 4/(1*b)*-23?
3
Suppose 3*j - 392 + 65 = 0. Let b = 225 - j. What is the tens digit of b?
1
Suppose 3*w - 22842 = -24*w. What is the hundreds digit of w?
8
Let j = -1409 + 1814. What is the tens digit of j?
0
Let v(t) = t**3 + 3*t - 1. Let b be 26/39 - 14/(-6). What is the units digit of v(b)?
5
Suppose -2*m + 4*n + 26 = 0, 2*m - 4*n = -6*n + 8. What is the units digit of ((-1)/4)/(m/(-84))?
3
Let t(k) = -4*k + 28. Let c be t(7). Suppose -2*j - 42 = -0*v - v, c = -4*v + 4*j + 148. What is the units digit of v?
2
Suppose -24 = -8*a + 6*a. Let l(g) = -g**2 + 14*g + 24. What is the units digit of l(a)?
8
Let k(y) = 106*y**2 - 2*y - 2. What is the units digit of k(-1)?
6
Let d be 0*5/(-10) - -3075. Suppose -3*x - 12*x + d = 0. What is the hundreds digit of x?
2
Let b be -4 + 2 - -2 - -33. Let t = b - 30. Suppose -3*v = 4*g - 32, 10 + 18 = v - t*g. What is the tens digit of v?
1
Suppose 2*h - 5*j - 9 = 0, -2*j = -h - 5*j + 10. Suppose -135 = -10*x + h*x. What is the units digit of x?
5
Let p(z) = 44*z**3 - 4*z**2 + 6*z - 6. What is the units digit of p(2)?
2
Suppose -4*w + 14 = -2*u, w + 3*u - u + 9 = 0. Let t = 3 - w. What is the tens digit of (-61)/(-3) + t/(-6)?
2
Suppose n - 39 = 3*c - 2*n, c + 2*n + 28 = 0. Let v = -15 - c. Suppose -g + 57 = v*b, -2*b + 52 = -2*g - 2*g. What is the units digit of b?
0
Suppose 2*i - 616 = n, 2*n + 0*n = i - 302. What is the units digit of i?
0
Suppose 0 = 3*f - 23 - 13. Let b = -12 + f. Suppose b*y = 3*y - 27. What is the units digit of y?
9
Let a(w) = w. Let n(z) = -2*z + 1. Let o(u) = -3*a(u) - 2*n(u). Let c be o(1). What is the units digit of (2 + 21 - c) + -3?
1
Suppose 812*b - 6084 = 803*b. What is the hundreds digit of b?
6
Suppose m + 4*m = 345. Let v = 225 + -219. Suppose m = 5*h - v. What is the tens digit of h?
1
What is the units digit of 50/(-225) + (-3503)/(-9)?
9
Let m(p) = 4*p + p**2 + 5 + 2*p + 1 - 10. What is the tens digit of m(7)?
8
Let b(z) = z**2 - 9*z - 13. Let s be b(9). Let h = -11 - s. Suppose l + 70 = h*p, p - 5*l + 118 = 4*p. What is the tens digit of p?
3
Let g = -27 + 27. Suppose 8*z - z - 175 = g. What is the units digit of z?
5
Suppose 0 = 3*m + 4 + 2. What is the units digit of m/(-10) + 270/25?
1
Suppose -5*o = -4*r - 492 + 4657, -r + 4*o = -1033. What is the hundreds digit of r?
0
Suppose 7*u = 3*u. Let k(z) = 15*z - 35. Let o(v) = 7*v - 17. Let n(h) = 6*k(h) - 13*o(h). What is the tens digit of n(u)?
1
Suppose 4*a = 39*a - 128835. What is the units digit of a?
1
Let h(i) = 2*i**2 + 11*i + 4. Let j be h(-5). Let t be j*(0 + 3) + 101. Suppose -2*w = 2*q - 3*w - t, 3*q = -3*w + 129. What is the tens digit of q?
4
Suppose -3*t - z = 13, -6*t + 5*z - 25 = -3*t. Let q(k) = -40*k + 20. What is the tens digit of q(t)?
2
Let z be ((-2 - -2) + 0)/(-2). Suppose -t - 4*t + 170 = z. What is the tens digit of t?
3
Suppose -5*m - 1608 = -7*m. Suppose m = 9*p - 3*p. What is the hundreds digit of p?
1
Let f(w) = -18*w - 21. Let n be f(-14). Let j = n - 99. What is the hundreds digit of j?
1
Suppose 4*j = -10 + 30. Suppose 0 = -4*x + h + 709, -j*x - 2*h + 875 = -h. What is the units digit of x?
6
Let m be (-2 - 1)/(9/(-12)). Suppose -m*k + 8 = 0, -2*j = -j - 5*k - 4. Suppose j = x - 8. What is the tens digit of x?
2
Let d(n) = -3*n + 0*n + 2*n**2 + 4 - 1. Let p be d(3). Let t(r) = r**3 - 13*r**2 + 13*r. What is the tens digit of t(p)?
1
Let v(s) = -s**2 + 46*s - 150. What is the tens digit of v(30)?
3
Let c = -1802 - -3011. What is the units digit of c?
9
Suppose 3*p = -4*d - 20, -6 = -3*d - 3. Let x = p + 75. What is the tens digit of x?
6
Suppose -4*i = -87 + 7. Suppose 2*o + 5*r = 6*o + 25, 2*o = 4*r - i. Suppose -5*h + 36 - 11 = o. What is the units digit of h?
5
Suppose -28 = -2*c - 2*c. Let j(q) = q + 88. Let i be j(0). Suppose -5*w + c = -i. What is the tens digit of w?
1
Let b(c) = -4*c**3 + 79*c**2 + 15*c - 19. What is the tens digit of b(18)?
1
Suppose -3*w = -12, 5*w + 6 = 2*h + 26. Suppose 4*k = 4*m + 68, 6*k - k + 3*m - 45 = h. What is the units digit of (-6 - -3)/((-2)/k)?
8
Let p = -39 + 49. Suppose -2*h + p = 0, 0 = 5*d - h - 303 - 132. What is the units digit of d?
8
Let v be 2*1 - (-12 - 39). What is the tens digit of v + -1*(-4)/4?
5
Let h be (6/9)/((10/(-24))/(-5)). What is the units digit of (h/(-16))/(2/24*-1)?
6
Suppose 4*a + 298 - 306 = 0. Let v be -8*(1 - (-6)/(-4)). Suppose a*m + v*m = 204. What is the units digit of m?
4
Suppose -10*q = -6*q - 8. Suppose -3*w = q*d - 98, 5*d - 78 = 3*d + 2*w. What is the units digit of d?
3
Suppose -8*k + 2417 = -15. What is the units digit of k?
4
Suppose 2*w - 2*f = 6082, 0 = 6*w - w + f - 15211. What is the hundreds digit of w?
0
Let g(q) = q**3 - 5*q**2 - 6*q + 6. Let b be g(5). Let n = 52 + b. Let o = n - 17. What is the tens digit of o?
1
Suppose 6*n - 1 = -7. Let i be (n*3)/((-15)/20). Suppose 0 = -5*b + i*d + 93, d = -3*b + 7*b - 81. What is the units digit of b?
1
Suppose 41*i - 25 = 46*i. Let b(k) = -2*k**3 - 6*k**2 - 3*k - 17. What is the tens digit of b(i)?
9
Let g(i) = 86*i - 10. What is the hundreds digit of g(12)?
0
Suppose 5*h - 2*m - 2680 = 0, -h + 5*m - 287 + 846 = 0. What is the units digit of h?
4
Let s be (-452)/6*-1*90/60. Let c = s + -27. What is the units digit of c?
6
What is the tens digit of ((-302)/3)/(((-256)/(-24))/(-16))?
5
Suppose -4*n = -4*s - 9*n + 876, -4*n - 16 = 0. What is the tens digit of s?
2
Let c = -1 - -6. Suppose 2*w = -2*x - 78, -4*x + 4*w + 33 = -c*x. What is the tens digit of (-6)/(-3) - 3 - x?
4
Let l = -5 - -11. Suppose 0 = -5*z - 4*p - 2, -25 = -5*z + l*p - p. What is the units digit of z?
2
Suppose 0 = -5*n - 2*l + 8, -n + 0*n - l = -1. What is the tens digit of 225 - (1/(-3) - n/(-6))?
2
Suppose 3*o + 43 = 4*x, 4*o = 2*x - 7*x + 77. Suppose x*m + 129 = 16*m. What is the units digit of m?
3
Let x(y) = 65*y - 20. Let h(d) = 43*d - 13. Let f(s) = -8*h(s) + 5*x(s). Let p be f(-4). Suppose 2*r = -0*r + p. What is the tens digit of r?
4
Let b = 66 - 43. Suppose -b + 233 = 3*r. What is the units digit of r?
0
Let r be 2/(-6) + (-230)/(-6). Let s = r - 36. What is the units digit of s?
2
Suppose -598 = -v - 2*a, 3*v - 5*a + 4*a = 1815. What is the units digit of v?
4
Let k(s) = -27*s**3 + 3*s**2 - s - 6. Let v be k(-2). Suppose -3*f + 148 = -2*d - 15, -v = -4*f - 4*d. What is the units digit of f?
5
Let o be (-4)/14 + (-115)/(-35). What is the units digit of (-1)/((-2)/(456/o))?
6
Let a be (0 - 